{"id":4328,"date":"2016-01-19T17:23:22","date_gmt":"2016-01-19T16:23:22","guid":{"rendered":"http:\/\/chirurgie-pasing.de\/?page_id=4328"},"modified":"2025-01-30T11:07:21","modified_gmt":"2025-01-30T10:07:21","slug":"home","status":"publish","type":"page","link":"https:\/\/chirurgie-pasing.de\/","title":{"rendered":"Home"},"content":{"rendered":"<p><!--themify_builder_static--><\/p>\n<h2 style=\"text-align: center;\">Nora R\u00e4misch<\/h2>\n<h3 style=\"text-align: center;\">Fach\u00e4rztin f\u00fcr Chirurgie und Gef\u00e4\u00dfchirurgie<\/h3>\n<p>Sprechzeiten nach Vereinbarung<\/p>\n<p><a href=\"tel:+49898341230\">Tel.: 089 &#8211; 834 1230<\/a><\/p>\n<p>Pasinger Bahnhofsplatz 4<br \/>(Eingang B\u00e4ckerstrasse)<br \/>81241 M\u00fcnchen-Pasing<\/p>\n<p>\u00d6ffnungszeiten<\/p>\n<p>Mo 08 &#8211; 13 Uhr<br \/>Di 08 &#8211; 13 Uhr und 15 &#8211; 18 Uhr<br \/>Mi 08 &#8211; 13 Uhr<br \/>Do 08 &#8211; 13 Uhr und 15 &#8211; 18 Uhr<br \/>Fr 08 &#8211; 13 Uhr<\/p>\n<p>und nach\u00a0Vereinbarung<\/p>\n<p>\u00a0 <\/p>\n<p>Parken: Tiefgarage Pasing Arkaden<br \/>\u00d6ffentlich: S-Bahn, Bus, Stra\u00dfenbahn Haltestelle: Pasing<\/p>\n<p>Privat und alle Kassen<\/p>\n<p>Unsere ma\u00dfgeschneiderten Behandlungskonzepte\u00a0basieren auf modernster Diagnostik und langj\u00e4hriger fach\u00e4rztlicher T\u00e4tigkeit. Wir freuen uns, Sie in\u00a0unserer Praxis direkt am Pasinger Bahnhofsplatz\u00a0begr\u00fc\u00dfen zu d\u00fcrfen.<\/p>\n<p>Ihre Nora R\u00e4misch &amp; Team<\/p>\n<\/p>\n<p><a href=\"https:\/\/www.jameda.de\/muenchen\/aerzte\/chirurgen-allgemein\/nora-raemisch\/uebersicht\/81053778_1\/?utm_content=Top5&amp;utm_source=Kunden-Homepages&amp;utm_medium=Badges&amp;utm_term=81053778&amp;utm_campaign=Badges\" style=\"font-size:15px; line-height:18px; font-weight:bold; color:#01a3d4; text-decoration:none; border:0px;\" target=\"_blank\">Nora R&auml;misch<\/a> <strong>Gef&auml;&szlig;chirurgen<\/strong><br \/>in M&uuml;nchen auf&nbsp;<a href=\"https:\/\/www.jameda.de\/muenchen\/aerzte\/gefaesschirurgen\/fachgebiet\/?utm_content=Top5&amp;utm_source=Kunden-Homepages&amp;utm_medium=Badges&amp;utm_term=81053778&amp;utm_campaign=Badges\" style=\"color:#069bd2; font-size:11px; text-decoration:none; border:0px; background-color:transparent !important;\" target=\"_blank\">jameda<\/a><\/p>\n<p>Bewertung wird geladen&#8230;<br \/>\n<a href=\"https:\/\/www.jameda.de\/muenchen\/aerzte\/chirurgen-allgemein\/fachgebiet\/?utm_content=BWlast&amp;utm_source=Kunden-Homepages&amp;utm_medium=Badges&amp;utm_term=81053778&amp;utm_campaign=Badges\" style=\"color:#888; text-decoration:none; border:0px; background-color:transparent !important;\" target=\"_blank\"><strong>Allgemeine Chirurgen<\/strong><br \/>in M&uuml;nchen<\/a><!--\/themify_builder_static--><\/p>\n","protected":false},"excerpt":{"rendered":"<p>Nora R\u00e4misch Fach\u00e4rztin f\u00fcr Chirurgie und Gef\u00e4\u00dfchirurgie Sprechzeiten nach Vereinbarung Tel.: 089 &#8211; 834 1230 Pasinger Bahnhofsplatz 4(Eingang B\u00e4ckerstrasse)81241 M\u00fcnchen-Pasing \u00d6ffnungszeiten Mo 08 &#8211; 13 UhrDi 08 &#8211; 13 Uhr und 15 &#8211; 18 UhrMi 08 &#8211; 13 UhrDo 08 &#8211; 13 Uhr und 15 &#8211; 18 UhrFr 08 &#8211; 13 Uhr und nach\u00a0Vereinbarung \u00a0 [&hellip;]<\/p>\n","protected":false},"author":1,"featured_media":0,"parent":0,"menu_order":0,"comment_status":"closed","ping_status":"closed","template":"","meta":{"footnotes":""},"class_list":["post-4328","page","type-page","status-publish","hentry","has-post-title","has-post-date","has-post-category","has-post-tag","has-post-comment","has-post-author",""],"builder_content":"<h2 style=\"text-align: center;\">Nora R\u00e4misch<\/h2><h3 style=\"text-align: center;\">Fach\u00e4rztin f\u00fcr Chirurgie und Gef\u00e4\u00dfchirurgie<\/h3>\n<p>Sprechzeiten nach Vereinbarung<\/p> <p><a href=\"tel:+49898341230\">Tel.: 089 - 834 1230<\/a><\/p> <p>Pasinger Bahnhofsplatz 4<br \/>(Eingang B\u00e4ckerstrasse)<br \/>81241 M\u00fcnchen-Pasing<\/p>\n<p>\u00d6ffnungszeiten<\/p> <p>Mo 08 - 13 Uhr<br>Di 08 - 13 Uhr und 15 - 18 Uhr<br>Mi 08 - 13 Uhr<br>Do 08 - 13 Uhr und 15 - 18 Uhr<br>Fr 08 - 13 Uhr<\/p> <p>und nach\u00a0Vereinbarung<\/p>\n\u00a0 <p>Parken: Tiefgarage Pasing Arkaden<br \/>\u00d6ffentlich: S-Bahn, Bus, Stra\u00dfenbahn Haltestelle: Pasing<\/p> <p>Privat und alle Kassen<\/p>\n<p>Unsere ma\u00dfgeschneiderten Behandlungskonzepte\u00a0basieren auf modernster Diagnostik und langj\u00e4hriger fach\u00e4rztlicher T\u00e4tigkeit. Wir freuen uns, Sie in\u00a0unserer Praxis direkt am Pasinger Bahnhofsplatz\u00a0begr\u00fc\u00dfen zu d\u00fcrfen.<\/p> <p>Ihre Nora R\u00e4misch &amp; Team<\/p> <p><\/p>\n<a href=\"https:\/\/www.jameda.de\/muenchen\/aerzte\/chirurgen-allgemein\/nora-raemisch\/uebersicht\/81053778_1\/?utm_content=Top5&amp;utm_source=Kunden-Homepages&amp;utm_medium=Badges&amp;utm_term=81053778&amp;utm_campaign=Badges\" style=\"font-size:15px; line-height:18px; font-weight:bold; color:#01a3d4; text-decoration:none; border:0px;\" target=\"_blank\">Nora R&auml;misch<\/a> <strong>Gef&auml;&szlig;chirurgen<\/strong><br>in M&uuml;nchen auf&nbsp;<a href=\"https:\/\/www.jameda.de\/muenchen\/aerzte\/gefaesschirurgen\/fachgebiet\/?utm_content=Top5&amp;utm_source=Kunden-Homepages&amp;utm_medium=Badges&amp;utm_term=81053778&amp;utm_campaign=Badges\" style=\"color:#069bd2; font-size:11px; text-decoration:none; border:0px; background-color:transparent !important;\" target=\"_blank\">jameda<\/a>\n<p><\/p>\nBewertung wird geladen...\n<a href=\"https:\/\/www.jameda.de\/muenchen\/aerzte\/chirurgen-allgemein\/fachgebiet\/?utm_content=BWlast&amp;utm_source=Kunden-Homepages&amp;utm_medium=Badges&amp;utm_term=81053778&amp;utm_campaign=Badges\" style=\"color:#888; text-decoration:none; border:0px; background-color:transparent !important;\" target=\"_blank\"><strong>Allgemeine Chirurgen<\/strong><br>in M&uuml;nchen<\/a>","_links":{"self":[{"href":"https:\/\/chirurgie-pasing.de\/index.php?rest_route=\/wp\/v2\/pages\/4328","targetHints":{"allow":["GET"]}}],"collection":[{"href":"https:\/\/chirurgie-pasing.de\/index.php?rest_route=\/wp\/v2\/pages"}],"about":[{"href":"https:\/\/chirurgie-pasing.de\/index.php?rest_route=\/wp\/v2\/types\/page"}],"author":[{"embeddable":true,"href":"https:\/\/chirurgie-pasing.de\/index.php?rest_route=\/wp\/v2\/users\/1"}],"replies":[{"embeddable":true,"href":"https:\/\/chirurgie-pasing.de\/index.php?rest_route=%2Fwp%2Fv2%2Fcomments&post=4328"}],"version-history":[{"count":22,"href":"https:\/\/chirurgie-pasing.de\/index.php?rest_route=\/wp\/v2\/pages\/4328\/revisions"}],"predecessor-version":[{"id":4546,"href":"https:\/\/chirurgie-pasing.de\/index.php?rest_route=\/wp\/v2\/pages\/4328\/revisions\/4546"}],"wp:attachment":[{"href":"https:\/\/chirurgie-pasing.de\/index.php?rest_route=%2Fwp%2Fv2%2Fmedia&parent=4328"}],"curies":[{"name":"wp","href":"https:\/\/api.w.org\/{rel}","templated":true}]}}